9 - (13 + (1 - 11))?
6
Evaluate 4 + (-5 - (-8 - -3 - -1)).
3
-1 - -1 - (-23 - -20)
3
Evaluate -1 - -9 - 6 - 4 - -7.
5
What is (-13 - (-2 + 0)) + 1 + 3?
-7
Calculate 0 + -4 + 5 - -3.
4
What is (1 - -12) + -8 - (0 + -2)?
7
What is the value of (-1 - -9) + (-20 - -16)?
4
Calculate 1 + 1 + 2 - (-2 - -7).
-1
Evaluate 49 + -40 + (2 - 6).
5
What is the value of -2 - (1 - 3) - (5 + -4)?
-1
What is the value of -4 + (-4 - -4 - -2) + -3?
-5
What is the value of 3 + -1 - (14 + -11)?
-1
What is the value of 1 - 6 - (-8 - -14 - 8)?
-3
Calculate (1 - 1) + 3 + -1.
2
Evaluate 1 + -1 + 19 + -17 + 2.
4
10 + -2 - 0 - (-119 - -129)
-2
What is the value of -6 + (-6 + 8 - 1)?
-5
What is 1 + 8 + -6 - (3 - -3)?
-3
What is the value of -2 + 0 + (1 - (-12 - -21))?
-10
What is -6 + 2 - (-2 + (-9 - -10))?
-3
3 - (-1 + -8 - -4)
8
0 + 3 + -12 + 25 + -25
-9
-11 - -11 - (-5 - -2)
3
What is -62 + 65 + (2 - 5)?
0
Calculate -16 + 24 + -3 + 0 + 0.
5
Evaluate -5 - 0 - (-9 - (-3 + -5)).
-4
What is -4 + 9 + 9 - 7?
7
What is (12 - 26) + (11 - 2) + -2?
-7
What is (3 - 7) + -1 + -8 + 13?
0
Calculate 7 + 0 + -4 - -1.
4
(-10 - (-13 + 7) - 3) + 6
-1
What is -1 - (1 + (-8 - -5) - 3)?
4
Calculate -4 + (1 - (0 - 1)).
-2
What is 0 - 2 - (-3 - 4) - 4?
1
Evaluate 40 + -25 - (-6 + 4 - -9).
8
Evaluate (1 - -11) + 69 + -77.
4
Evaluate 10 - 27 - (1 - 10).
-8
What is the value of 9 - (0 + 1) - (629 + -629)?
8
What is the value of (-1 - 2) + (11 - 15)?
-7
Calculate 1 + (4 - 2 - 8).
-5
Evaluate 1 + (-2 - (-5 + 3)).
1
Calculate 5 + (-4 - -3) + -1.
3
Calculate 5 - (-3 + 8 + 4).
-4
Evaluate -15 + 9 + -1 - (-5 + 0).
-2
Calculate 4 - -1 - (7 + -11 + 6).
3
Evaluate (5 - -1 - 1) + 148 + -148.
5
What is 2 - (7 + -2) - 1?
-4
-1 - (4 - (7 - -1))
3
What is the value of (-9 - -25 - 8) + -11?
-3
Evaluate (3 - 1) + (-5 - 7) + 3.
-7
-21 + 28 - (4 + 4)
-1
What is 5 + 1 + (-2 - 1) + -4?
-1
(2 - 1) + (1 - -9) + -7
4
-3 - (-5 - ((-3 - -2) + 4))
5
-8 + 4 + (2 - -2)
0
What is the value of 1 + 5 - (238 + -231)?
-1
What is 2 + -4 + -8 + 4?
-6
Calculate -6 - 0 - (-9 + 1).
2
Evaluate -5 - (-12 + (-3 - -12)).
-2
-4 + 9 + -2 + -8
-5
Evaluate -7 + (6 + -1 - -5).
3
Calculate 0 - -15 - (-56 + 66).
5
Evaluate 0 + -8 + (-3 + 0 - -6).
-5
(-1 - (-5 + -5)) + -6
3
What is -32 + 28 - (-11 + 1)?
6
(-5 - 3) + (12 - 5) + -6
-7
10 - (5 + 1 + 0)
4
What is the value of -2 - ((2 - 1) + 0)?
-3
-4 + -5 + 2 - -3
-4
What is the value of 0 + 2 - (-66 + 64)?
4
-15 + 8 + (7 - 4)
-4
(9 - 3) + -4 - 4
-2
What is the value of 0 + 2 + -1 + 0 + -2?
-1
Evaluate -5 + 8 - (1 - 1).
3
Calculate 0 - -9 - (6 - -1).
2
(1 - 2) + -4 + 9
4
Evaluate -13 + 3 - (3 + (-13 - -4)).
-4
Evaluate (31 - 37) + (3 - -3).
0
What is (1 - 6 - -1) + -3 - 0?
-7
Calculate 15 + -1 - (89 + -76).
1
Evaluate (6 - 5) + 0 + 2 - -2.
5
What is -2 + 1 - (-14 - -12)?
1
(6 + -8 - 3) + 5
0
Evaluate -12 - -11 - (-7 + 2) - 5.
-1
What is the value of 11 + (2 - 4) - 5?
4
0 + 1 + 6 + -5
2
What is (4 - -3 - 2 - 13) + 5?
-3
Calculate 2 - (4 - 3 - -4).
-3
Calculate 5 - (-3 + 13 + 0) - -11.
6
Calculate -1 + (-6 - (-4 + 2)).
-5
(-2 - (-9 + 3)) + -10
-6
(1 - -3) + -9 + 10 - 1
4
Evaluate 8 - (-2 + (8 - (-7 - -15))).
10
What is the value of -5 + (2 - -7 - 5 - 1)?
-2
Evaluate -6 + (-1 + 9 - 4) + 6.
4
1 - (1 - 4) - 9 - -5
0
Evaluate (19 - 23) + (9 - (2 - 2)).
5
Evaluate -3 + 11 - 6 - 4.
-2
What is the value of -13 + 2 + -1 - (-18 + 14)?
-8
Calculate 4 + 1 - (-2 + -3 + 8).
2
Evaluate 4 - -8 - (1 + 9).
2
What is the value of -2 - (-2 + 0 + (-6 - -4))?
2
Evaluate (3 - 11) + 13 - 6.
-1
What is -11 - -8 - -17 - (-3 - -9)?
8
Evaluate -2 + 10 + -12 - 0.
-4
Calculate (5 - 17) + 18 + -4 + -6.
-4
Evaluate -5 - (-2 - (5 + (6 - 7))).
1
Evaluate -1 - -3 - (0 - -1).
1
What is -9 + -1 - (0 - 5)?
-5
What is the value of 0 + 2 + 2 + -9 + 5?
0
Calculate 12 + (-20 - -11 - -6).
9
18 + -19 + 0 + 2 - 8
-7
What is (-7 - -2) + 2 + 2?
-1
Evaluate (7 - 1 - (25 + -20)) + 3.
4
What is the value of 11 + -13 - (4 + -2 - 2)?
-2
Calculate 2 - 4 - -1 - -8 - 1.
6
What is 11 + -4 + -3 + -6?
-2
1 + (-2 - (-1 + 1))
-1
Calculate -4 + 0 + 1 + 8.
5
What is -7 + 14 + -3 + -1?
3
What is (-7 - (13 - 27)) + -12?
-5
What is -3 + (-6 - (-3 + (-8 - 1)))?
3
Calculate -10 - (3 + -7) - -6.
0
Calculate -12 + 10 + (3 - 4) - -11.
8
Evaluate -3 + (1 - 0) + -2.
-4
Evaluate (4 - 2) + 2 - (0 - -3).
1
12 - 0 - (-13 + 36 + -17)
6
(-31 - -30) + (-4 - (1 + -1))
-5
What is 3 - (0 - (-5 - 2))?
-4
Evaluate 4 - (1 - -1 - 0).
2
7 - (11 + -5) - 9
-8
What is 0 + (-4 - ((1 - -4) + -6))?
-3
(3 - 3 - 5) + 1 - 0
-4
Evaluate -1 + -3 - (-3 - (2 + 4)).
5
Evaluate (-13 - -13) + 0 - (0 + 0).
0
Evaluate (3 - (11 - 5)) + 10 + -6.
1
Evaluate -4 - -1 - (-3 + 2).
-2
0 + 0 - ((-5 - -7) + 3)
-5
What is the value of -1 + (-3 - -3) - 4 - -12?
7
What is -5 + 0 + (6 - 19 - -20)?
2
Evaluate -1 + 3 + (-1 - -5).
6
What is the value of -1 - ((-2 + -3 - -2) + 3)?
-1
Calculate (1 - (4 + -3)) + -4 + 2.
-2
Evaluate -2 + 0 + -3 + (-1 - -5).
-1
What is 6 + 3 + 2 + -3 + -4?
4
What is the value of 16 + -13 + 6 + -6?
3
What is -14 - (10 - 5 - 12 - -1)?
-8
What is (1 - 0) + (-7 - (2 + -5))?
-3
Evaluate -2 - (-10 + 12 + 0).
-4
What is the value of -4 - ((-5 - -1) + 1)?
-1
What is (1 - -5) + -10 - 0?
-4
4 - (-12 + (3 - -11))
2
What is 4 - (3 - -4) - -3?
0
Evaluate 1 - ((-7 - -8) + (-2 - -7)).
-5
1 - -1 - (26 - 26)
2
Calculate (-5 - -14) + (-5 - 0 - -1).
5
(5 + 1 - 3) + 0 + -2
1
What is the value of (-33 - -28) + (-1 - -10)?
4
Calculate 1 + -4 + 1 - -6.
4
Calculate -5 - (3 - (7 + -3) - 3).
-1
Calculate -2 + 3 - (2 - 0) - -8.
7
What is -1 - (-3 - -2 - 0)?
0
-1 + -4 + (-2 - (2 - 9))
0
3 - ((0 - (-10 - 2)) + -4)
-5
Calculate 2 + 5 + 2 + -8.
1
What is -2 + 2 + -5 + 0?
-5
Calculate (5 - (-3 - -1)) + -5.
2
Evaluate -3 + -3 + -1 + 4.
-3
Calculate (-11 + 5 - (-2 + -1)) + 8.
5
4 + -3 + 1 + -4
-2
Calculate 4 - (-2 - -5) - 6.
-5
What is the value of 3 + -3 + -1 + -2?
-3
What is the value of -4 + 10 - (-1 + (-1 - -1))?
7
10 - 0 - (4 + 3 + -2)
5
Calculate 2 + 1 - (8 - 4 - 4).
3
What is the value of (8 - (-5 - -5)) + -6?
2
-2 - (0 + (2 - 2) - -2)
-4
What is 0 - (2 - (0 - 0)) - 0?
-2
Evaluate -5 + (-3 - -7) - -1.
0
(2 - -2 - 9 - -5) + -3
-3
Evaluate (-4 - -1) + (-22 - -18) + 5.
-2
Evaluate 1 - (-1 + -3 + 2 - -7).
-4
What is the value of -16 + 4 + 5 + 0?
-7
What is the value of 0 + -7 + 7 + 7?
7
What is the value of (0 - -8) + -13 + 19 + -16?
-2
What is the value of -1 - (-3 - ((6 - 2) + -5))?
1
What is 4 - (-6 + 16 + -1 - 8)?
3
-3 + (-3 + 1 + 1 - 1)
-5
Calculate (-2 - -2) + 0 + 2 + 0.
2
-8 + 7 + (10 - 4)
5
1 + (-2 - -2) + 1 + 3
5
What is the value of 12 + (11 + -26 - -3)?
0
4 + -2 - (-3 + 6 + -1)
0
-2 + (0 - 1) + 2
-1
Evaluate 6 + (-8 + 10 - -1).
9
What is the value of (-4 - 9 - -19) + -8 + -2?
-4
What is the value of 8 - ((7 - -13) + -1)?
-11
Evaluate -6 + 2 - (2 + -4).
-2
What is the value of 2 + 0 + -8 - -1?
-5
Calculate 2 - (0 - 2 - (-3 - 3)).
-2
What is 15 + -16 + -2 + -1?
-4
Evaluate -6 + -2 + 6 + -1.
-3
(0 - -1 - 0) + (-4 - 0)
-3
What is the value of -1 + -12 - (3 - 15)?
-1
Evaluate (-8 - -14) + -9 + 9.
6
What is the value of 1 + 2 - (-2 - 0 - -1)?
4
(-5 + 2 - -1) + (1 - -5)
4
What is (1 - 6) + 1 + (44 - 38)?
2
What is the value of 0 + (-9 - (-10 - -4) - -11)?
8
Evaluate (-4 - 4) + 23 + -23.
-8
What is the value of (0 - 1) + 0 + 18 + -13?
4
Calculate 5 - (-2 + 5 - 1) - -1.
4
Evaluate 1 + 0 - (0 - 0) - -4.
5
-2 + (14 - 8 - 10)
-6
What is the value of (-5 - -7) + 3 - 2?
3
Evaluate -1 - (-1 + -4 + -1 + 10).
-5
What is the value of -3 + 2 + 2 + -1?
0
Calculate 10 + -4 - -4 - 6.
4
Evaluate -6 + 0 - (6 + (-15 - -7)).
-4
(-4 - 1) + 9 - 0
4
Evaluate 7 + -6 + 3 + -2.
2
(-7 - (1 + -3)) + 2
-3
Evaluate (-8 - 7 - -13) + 1 + 1.
0
Calculate 3 - -1 - (3 - -1).
0
Evaluate 10 - 8 - 8 - -5 - -8.
7
Evaluate 5 - (6 - (-5 - -5)).
-1
What is (-4 + 6 - 3) + 0 + 2?
1
-5 - (8 - 6) - -2
-5
Evaluate -1 - ((-6 - -3) + 7 - 4).
-1
5 - -3 - (1 - (-3 + 1))
5
Calculate 9 + 0 + -2 - (78 - 65).
-6
Calculate 18 + -30 + (2 - -6).
-4
What is the value of 1 + -3 + 7 - 3 - -1?
3
-4 + (7 + 4 + -4 - -2)
5
What is 39 - 45 - (-2 + (-2 - -1))?
-3
What is (1 - 1 - 2) + 5?
3
Calculate (0 + 13 - (55 + -53)) + -2.
9
Calculate 5 + (1 - -1) + -10.
-3
What is the value of -2 - -7 - ((1 - 2) + 0)?
6
What is the value of (2 - 0) + 24 + -34 + 7?
-1
5 + (7 - 12) + -3 + -5